 + 41 = 2*j - 177. Does 52 divide r?
True
Suppose 2*m = -2*f + 36, 2*m + 65 = 6*m - 3*f. Let j = m - 0. Suppose -3*b - j = -179. Is b a multiple of 9?
True
Suppose 2*l + 5*c - 44 - 76 = 0, -5*l + 2*c = -358. Does 5 divide l?
True
Suppose 72*t - 20441 = 1015. Does 29 divide t?
False
Suppose -13*m + 14*m - t - 1055 = 0, 5*t + 10 = 0. Does 39 divide m?
True
Let m(k) = 13*k + 2. Is m(10) a multiple of 22?
True
Let u = -133 - -351. Is u a multiple of 28?
False
Suppose 12*k - 9*k = -g + 876, -2628 = -3*g + 5*k. Is g a multiple of 17?
False
Let z = 581 - 223. Let x = z - 247. Does 36 divide x?
False
Let n(o) = -o**3 - 19*o**2 - 19*o + 6. Does 6 divide n(-18)?
True
Let b = -17 - -22. Suppose 0 = -b*d + 413 - 38. Is d a multiple of 10?
False
Let v(k) = -k**3 + 14*k**2 - 5*k. Let y be v(9). Is (2/(-5))/((-9)/y) a multiple of 8?
True
Let g be (4/3)/(40/90). Suppose -g*r - 24 - 72 = 0. Is ((-6)/5)/(r/1680) a multiple of 15?
False
Let h(l) = -3*l. Let w be h(-1). Suppose -w*p - 2 = 3*y - y, 5*y - 12 = p. Suppose y*s + s = 81. Does 9 divide s?
True
Does 13 divide (397 + -111)/((-1)/((-2)/4))?
True
Let s = -2 - -4. Suppose s*t = -w + 7 - 1, 0 = -3*w - 5*t + 13. Is 3/((-6)/44)*w a multiple of 19?
False
Let u(b) = -3*b**2 - 4*b - 2. Let q(n) = n**2 - 2*n - 5 - n + 6 + 5*n. Let j(d) = -10*q(d) - 4*u(d). Is j(4) a multiple of 14?
True
Suppose -3*k + 2*b - 59 = 0, -4*b = -2*k - 20 - 30. Let p = 27 + k. Is 13 a factor of (p/4)/(2/76)?
False
Let i(t) = -3*t**3 + 2*t + 15. Let x be i(-5). Suppose -h = 2*f - 161 + 5, -5*f + x = 5*h. Does 20 divide f?
True
Suppose 85*q - 32*q = 50138. Does 12 divide q?
False
Let z be (0/(-2))/1 - 45. Suppose -2*r = 3*w + 82, 2*r - 49 = 2*w + 19. Let u = w - z. Is 5 a factor of u?
True
Let o = 87 + -47. Does 20 divide 477/12 + 10/o?
True
Let y(m) = m**3 + 3*m**2 + 2*m + 5. Let s(t) = -t**3 - 7*t**2 - 3. Let v be s(-7). Let d be y(v). Does 28 divide d/(-2)*-7*-24?
True
Suppose -q + a + 158 = 52, -a - 213 = -2*q. Does 5 divide q?
False
Let k = 0 - -5. Suppose -j = -5*j. Suppose j = 3*g - 6 + 15, k*q = -2*g + 39. Does 4 divide q?
False
Let s(x) = x**2 - 16*x - 97. Does 4 divide s(22)?
False
Suppose 3*c - 4*c - 10 = 0. Let w = c - -10. Let k = w + 11. Does 11 divide k?
True
Let l(a) = 5*a**2 + 38*a + 25. Is 15 a factor of l(-15)?
False
Let p = 431 + -110. Let f = 480 - p. Is 13 a factor of f?
False
Let z = 19 - 18. Let r(p) = p + p**3 + z - 7*p**2 - 3*p + 4*p. Does 15 divide r(7)?
True
Is -679*((-360)/42)/10 a multiple of 14?
False
Suppose -3*s = -p - 7, -5*s + 4 + 10 = -4*p. Suppose -s*f + 25 = -31. Is f a multiple of 17?
False
Let f(x) = 3*x**2 - 24*x - 24. Is f(-13) a multiple of 57?
False
Let h = -13 + 58. Let c be -43 + 63 - (-1 - -4). Let q = h - c. Is 16 a factor of q?
False
Let a be (-272 + -1)*(-12)/14. Suppose 4*k + 164 = 3*y, a + 78 = 5*y + 3*k. Is 40 a factor of y?
False
Does 14 divide 2480 + (-3 - -6)*-2?
False
Suppose -3*u - 6 = -3*g, g - 5*u = -2*g. Let l(q) = -1 - 2*q - q + 3*q**2 + 8 + q**2. Does 25 divide l(g)?
False
Suppose 236 = 3*x + 26. Let g = x + -54. Does 4 divide g?
True
Let b(o) = 13*o - 1. Let i(r) = -r + 9. Let j be i(8). Suppose 0 - j = y, -5*v + 3*y = -8. Does 4 divide b(v)?
True
Suppose 2*h + h - w = 135, -58 = -h - 4*w. Let k = 53 - h. Is k a multiple of 4?
False
Let a = 21 + -21. Suppose -3*b - 106 + 364 = a. Suppose 5*n - b = 164. Does 15 divide n?
False
Suppose -450 = -4*i - 98. Does 6 divide i?
False
Let u(o) = 6*o - 15. Let z be u(6). Suppose 3*b = z + 87. Does 36 divide b?
True
Suppose 2*y = 4*z + 6 - 30, 0 = 5*z - y - 30. Suppose z*o = 4*o. Suppose -8*m + 5*m + 96 = o. Does 16 divide m?
True
Let p be -7*((-2)/7 + 0). Let w be 1*(-3 + 4 - 2). Does 24 divide w + (p - 0) + 23?
True
Suppose -1989 = -k + 3*n, 3*k + 6*n = 5*n + 5967. Does 51 divide k?
True
Suppose -2912 = -2*r + v, -5*r + v + 7366 - 86 = 0. Does 16 divide r?
True
Let f(a) = a + 8. Let l be f(-4). Suppose -3*q - 31 + 136 = 0. Suppose 5*z = -2*s + q, -2*z - l*s + 28 = 2*z. Does 5 divide z?
False
Suppose 4*h - 320 = b + 103, 3*h = -4*b - 1711. Let r = -260 - b. Does 29 divide r?
False
Suppose 5*y + 2 = 2. Suppose -6*d + 552 = -2*d - 5*c, -4*d - c + 576 = y. Is d a multiple of 13?
True
Let x be ((-12)/14)/(1/(-7)). Let s be -1 + 9/x*14. Let z = 42 - s. Is 13 a factor of z?
False
Suppose 0*p + 5*p - 20 = 0. Suppose -w = -p*w. Suppose -y - 19 = -2*q, -2*y + 42 = 4*q - w*y. Is q a multiple of 5?
True
Suppose -5*l - 4635 = -5*k, 5*k + 3*l = 6*k - 933. Is k a multiple of 17?
False
Suppose 35*a = -27*a + 8866. Is a a multiple of 40?
False
Suppose 37*q = 15770 + 43985. Is q a multiple of 19?
True
Let g(x) = x**3 - 8*x**2 - 6*x - 12. Let n = -11 - -20. Let z be g(n). Is 6 a factor of ((-54)/z)/(1/(-5))?
True
Let y(s) = s**2 - 9*s + 17. Let o be y(6). Is (o - 0)*-59 - (-2 - -1) a multiple of 30?
True
Suppose 5*z - l = 247, 2*z - 2*l - 144 = -z. Suppose 5*t + 95 = -z. Let y = t + 107. Does 13 divide y?
True
Suppose 0*q + 3*q = 0. Let d be 5 + ((-2)/1 - 0). Suppose 2*j + d*i - 51 = q, -16 = -j - 2*i + 9. Is 17 a factor of j?
False
Let l = 981 + -331. Is l a multiple of 50?
True
Suppose k = v + 1, 0 = -k + 1. Suppose -7*n - n + 168 = v. Is 21 a factor of n?
True
Suppose 0 = -2*f - f + 1236. Let q be (-2)/(-13) + f/26. Let v = 24 + q. Does 20 divide v?
True
Let t(c) = 14*c + 7. Let y be t(5). Let w be (2 - -1) + y + -1. Suppose 2*u = -4*j + 158, j = u + 5*j - w. Is 21 a factor of u?
False
Suppose j - w - 50 = 0, 3*w - 2*w = 5*j - 258. Is 13 a factor of j?
True
Let n(a) be the second derivative of -a**3/6 - a**2/2 + 2*a. Let s be n(-4). Suppose 0*z - 4*z - b = -60, 0 = s*b + 12. Is 8 a factor of z?
True
Let l(c) = -3*c**3 - 7*c**2 + 8*c + 66. Does 58 divide l(-7)?
True
Suppose -6201 = -12*l - l. Is l a multiple of 9?
True
Let u = -32 - -112. Is 5 a factor of u?
True
Suppose 5*n = 2*n - 18. Let a(k) be the first derivative of -k**3/3 - 9*k**2/2 - 7*k + 2. Does 11 divide a(n)?
True
Let f(w) = 2*w + 2. Let v be f(-1). Let t be 5*(3 + -2 - v). Suppose 3*q - 22 - 8 = -t*n, 0 = 5*q + 4*n - 50. Does 10 divide q?
True
Suppose 5*q + 22 = 7. Let g(c) = 2*c**2 + 5*c + 7. Is 2 a factor of g(q)?
True
Let w = -8 + 13. Suppose -3*g = 15, -5*v + 0*v = w*g. Suppose 2*z - 92 = -4*t - 2*z, v*t = -z + 95. Is t a multiple of 6?
True
Let b be 1 + 8 + 0 + 2. Let r = -90 + 89. Let a = b + r. Does 4 divide a?
False
Let n(o) = -8*o + 4. Does 15 divide n(-7)?
True
Let p(w) = -w + 1. Let u(k) = 3*k - 4. Let c(v) = -3*p(v) + u(v). Let a be c(10). Suppose 0 = 3*n + 2*x - 40, 5*n - a = x + 18. Is 3 a factor of n?
False
Suppose -4*t + 76 = -44. Suppose 4*i + n - t = -n, 5*n - 40 = -3*i. Suppose 3*q - 78 = -0*q + 2*l, q - 43 = -i*l. Is q a multiple of 15?
False
Suppose -5*d + 20 = 50. Does 5 divide (d/10)/((-17)/425)?
True
Let c be 30/(-45) + 77/3. Let q = c - 13. Is q a multiple of 8?
False
Let g = 2681 - 1105. Is 15 a factor of g?
False
Suppose -5*i - 5*q + 2050 = 0, 4*q = 2*i - 25 - 783. Does 5 divide i?
False
Let x(y) = y**2 - 7*y + 8. Let h be x(6). Suppose 99 = -h*w + 11. Let a = 32 - w. Is a a multiple of 10?
False
Suppose 4 = 4*h - 12. Let p be 4*1 - (4 - h). Suppose 0 = p*j - 3*j - 57. Does 16 divide j?
False
Let s(f) = 12*f**2. Let u be s(1). Suppose 4*z = 7*z - u. Suppose 4*l = -3*m + z*m + 80, 4*m - 60 = -4*l. Is 19 a factor of l?
True
Let k = -74 - -128. Let f be (-20)/50 + k/10. Does 8 divide (f - 6)/((-2)/20)?
False
Let u(l) = l**2 - 2*l - 2. Let f be u(-7). Let p = f + -23. Is p a multiple of 12?
False
Let g be 453/12*-2*(-1 + -1). Suppose 14 = c - g. Does 15 divide c?
True
Let h be (0 - (1 - -125)) + (-18)/(-6). Let a = h - -188. Is 7 a factor of a?
False
Suppose 0 = 2*h - 4*u - 320, 164 = h - 0*u - u. Is 3 a factor of h?
True
Is 14 a factor of 12750/27 - (-2)/(-9)?
False
Suppose -884 = j - 3*j. Suppose 6*n - 344 - j = 0. Is 6 a factor of n?
False
Suppose -15*y + 2073 = -642. Is y a multiple of 66?
False
Suppose 0 = 5*r - 2*r + 9, 4*r = -2*p - 2. Suppose -p*n - 3*q = -3*n - 43, -2*n = -5*q - 67. Is 3 a factor of n?
False
Suppose 3*i = 4*y - 28, -2*y + 14 = i - 3*i. Suppose -4*x + 0*x - 2*d + 52 = 0, 5*d + 20 = 0. Suppose -x = -o - 3*b, 0 = o + 4*b - y - 6. Is o a multiple of 4?
False
Suppose 2*o = -3*i - 0*o - 146, -2*o - 242 = 5*i. Let v = i - -55. Is 4 a factor of v